{"id":1526,"date":"2020-06-16T14:02:49","date_gmt":"2020-06-16T12:02:49","guid":{"rendered":"http:\/\/neu.teamwerk-kiel.de\/?page_id=1526"},"modified":"2025-10-05T15:46:27","modified_gmt":"2025-10-05T13:46:27","slug":"intensivpflege","status":"publish","type":"page","link":"https:\/\/teamwerk-kiel.de\/?page_id=1526","title":{"rendered":"Intensivpflege f\u00fcr Erwachsene und Kinder"},"content":{"rendered":"<div class=\"wpb-content-wrapper\"><p>[vc_row full_width=&#8220;stretch_row&#8220; type=&#8220;vc_default&#8220; css=&#8220;.vc_custom_1592309417091{padding-bottom: 50px !important;}&#8220;][vc_column width=&#8220;2\/3&#8243; css=&#8220;.vc_custom_1474222710160{padding-bottom: 30px !important;}&#8220;]<div id=\"ultimate-heading-81056a0447a32d51e\" class=\"uvc-heading ult-adjust-bottom-margin ultimate-heading-81056a0447a32d51e uvc-1568  uvc-heading-default-font-sizes\" data-hspacer=\"no_spacer\"  data-halign=\"left\" style=\"text-align:left\"><div class=\"uvc-heading-spacer no_spacer\" style=\"top\"><\/div><div class=\"uvc-main-heading ult-responsive\"  data-ultimate-target='.uvc-heading.ultimate-heading-81056a0447a32d51e h2'  data-responsive-json-new='{\"font-size\":\"\",\"line-height\":\"\"}' ><h2 style=\"font-weight:bold;margin-bottom:20px;\">Intensivpflege f\u00fcr Erwachsene<\/h2><\/div><\/div>[vc_column_text css=&#8220;.vc_custom_1594024552658{margin-bottom: 30px !important;}&#8220;]\u201eF\u00fcr ein selbstbestimmtes Leben\u201c ist unser Leitsatz. Daf\u00fcr steht Teamwerk Pflege und Assistenz. Wir m\u00f6chten Sie in Ihrem gewohnten Umfeld unterst\u00fctzen und bieten Ihnen eine angemessene und bedarfsgerechte pflegerische Betreuung. Dabei k\u00f6nnen Sie vollkommen auf unsere langj\u00e4hrige Erfahrung und das Fachwissen unserer Pflegefach- und Pflegehilfskr\u00e4fte vertrauen.<\/p>\n<h3>Unsere Leistungen im \u00dcberblick<\/h3>\n<p>Wir begleiten Sie bei jeder anstehenden Herausforderung. Neben Terminen mit \u00c4rzten und Therapeuten planen wir gerne alle au\u00dferh\u00e4uslichen Termine gemeinsam mit Ihnen und Ihren Angeh\u00f6rigen. Zu unseren Leistungen z\u00e4hlen unter anderem:<br \/>\n\u2022 Heimbeatmung invasiv und nicht-invasiv<br \/>\n\u2022 Intensivpflegerische enge Betreuung z.B. im Bereich der Tracheostomaversorgung<br \/>\n\u2022 \u00dcberleitungsmanagement<br \/>\n\u2022 Palliativpflegerische Ma\u00dfnahmen z.B. durch Schmerztherapie<br \/>\n\u2022 S\u00e4mtliche grundpflegerische Ma\u00dfnahmen<br \/>\n\u2022 Behandlungspflegerische Ma\u00dfnahmen<br \/>\n\u2022 Beratung und Schulung in der h\u00e4uslichen Umgebung<br \/>\n\u2022 Begleitung zu kulturellen Aktivit\u00e4ten (Theaterbesuche, Konzerte) und in den Urlaub<\/p>\n<h3>Schwerpunktversorgung<\/h3>\n<p>Wir pflegen Menschen mit den unterschiedlichsten Krankheitsbildern bis zu 24 Stunden t\u00e4glich im Schichtsystem. Unsere Pflegefachkr\u00e4fte sind auf die au\u00dferklinische Versorgung von Intensivpatienten spezialisiert. Zu unseren Schwerpunkten in der Behandlung z\u00e4hlen unter anderem:<br \/>\n\u2022 genetische Erkrankungen<br \/>\n\u2022 Lungenerkrankungen<br \/>\n\u2022 neurologische Erkrankungen<br \/>\n\u2022 Querschnittl\u00e4hmungen<br \/>\n\u2022 Sch\u00e4del-Hirn-Verletzungen<br \/>\n\u2022 Stoffwechselerkrankungen<\/p>\n<h3>Palliativversorgung<\/h3>\n<p>Die Begleitung und Versorgung eines Menschen in seinem letzten Lebensabschnitt erfordert nicht nur ein fundiertes pflegerisches Fachwissen, sondern vor allem einen empathischen Umgang mit der Situation. Wir verstehen den Wunsch vieler Angeh\u00f6rigen und wissen was es hei\u00dft, ihren geliebten Menschen palliativ in seinem eigenen Wohnraum pflegen zu lassen. Unsere Pflegekr\u00e4fte erhalten regelm\u00e4\u00dfig Schulungen im Bereich der Palliativversorgung, sodass wir besonders sensibilisiert f\u00fcr die Anspr\u00fcche der Familien und einzelnen Patienten sind. Wir arbeiten hier gerne mit ausgew\u00e4hlten Palliativmedizinern zusammen.[\/vc_column_text]<div class=\" vc_custom_1594135032946 ubtn-ctn-center \"><a class=\"ubtn-link ult-adjust-bottom-margin ubtn-center ubtn-custom \" href=\"http:\/\/teamwerk-kiel.de\/?page_id=1579\" title=\"Kontakt\" ><button type=\"button\" id=\"ubtn-9152\"  class=\"ubtn ult-adjust-bottom-margin ult-responsive ubtn-custom ubtn-fade-bg  none  ubtn-center   tooltip-6a0447a32d5cf\"  data-hover=\"#ffffff\" data-border-color=\"#34a6f7\" data-bg=\"rgba(255,255,255,0.01)\" data-hover-bg=\"#95cc6e\" data-border-hover=\"#95cc6e\" data-shadow-hover=\"\" data-shadow-click=\"none\" data-shadow=\"\" data-shd-shadow=\"\"  data-ultimate-target='#ubtn-9152'  data-responsive-json-new='{\"font-size\":\"desktop:16px;\",\"line-height\":\"desktop:16px;\"}'  style=\"font-family:&#039;Montserrat&#039;;font-weight:700;width:px;min-height:px;padding:14px 25px;border-radius:0px;border-width:3px;border-color:#34a6f7;border-style:solid;background: rgba(255,255,255,0.01);color: #34a6f7;\"><span class=\"ubtn-hover\" style=\"background-color:#95cc6e\"><\/span><span class=\"ubtn-data ubtn-text \" >Kontakt<\/span><\/button><\/a><\/div>[vc_raw_html][\/vc_raw_html][vc_raw_html]JTNDaWZyYW1lJTIwc3JjJTNEJTIyaHR0cHMlM0ElMkYlMkZ0ZWFtd2Vyay1raWVsLmRlJTJGd3AtY29udGVudCUyRnVwbG9hZHMlMkYyMDI1JTJGMTAlMkZUZWFtd2Vyay5wZGYlMjIlMjB3aWR0aCUzRCUyMjEwMCUyNSUyMiUyMGhlaWdodCUzRCUyMjYwMHB4JTIyJTIwc3R5bGUlM0QlMjJib3JkZXIlM0ElMjBub25lJTNCJTIyJTNFJTNDJTJGaWZyYW1lJTNF[\/vc_raw_html][\/vc_column][vc_column width=&#8220;1\/3&#8243; css=&#8220;.vc_custom_1474222717556{padding-bottom: 30px !important;}&#8220; offset=&#8220;vc_hidden-xs&#8220;][vc_single_image image=&#8220;1873&#8243; img_size=&#8220;large&#8220; css=&#8220;.vc_custom_1673700200475{padding-top: 50px !important;padding-bottom: 50px !important;}&#8220;][vc_single_image image=&#8220;1523&#8243; img_size=&#8220;large&#8220; css=&#8220;.vc_custom_1673700148065{padding-top: 50px !important;padding-bottom: 50px !important;}&#8220;][\/vc_column][\/vc_row][vc_row full_width=&#8220;stretch_row&#8220; type=&#8220;vc_default&#8220; css=&#8220;.vc_custom_1592309467690{padding-top: 50px !important;padding-bottom: 50px !important;background-color: #f4f4f4 !important;}&#8220;][vc_column width=&#8220;1\/4&#8243; css=&#8220;.vc_custom_1474222710160{padding-bottom: 30px !important;}&#8220;][vc_single_image image=&#8220;1609&#8243; img_size=&#8220;large&#8220;][\/vc_column][vc_column width=&#8220;3\/4&#8243;]<div id=\"ultimate-heading-58296a0447a32d6da\" class=\"uvc-heading ult-adjust-bottom-margin ultimate-heading-58296a0447a32d6da uvc-2715  uvc-heading-default-font-sizes\" data-hspacer=\"no_spacer\"  data-halign=\"left\" style=\"text-align:left\"><div class=\"uvc-heading-spacer no_spacer\" style=\"top\"><\/div><div class=\"uvc-main-heading ult-responsive\"  data-ultimate-target='.uvc-heading.ultimate-heading-58296a0447a32d6da h2'  data-responsive-json-new='{\"font-size\":\"\",\"line-height\":\"\"}' ><h2 style=\"font-weight:bold;margin-bottom:20px;\">Intensivpflege f\u00fcr Kinder<\/h2><\/div><\/div>[vc_column_text css=&#8220;.vc_custom_1595507162208{margin-bottom: 30px !important;}&#8220;]<\/p>\n<h3>Unterst\u00fctzung rund um die Uhr<\/h3>\n<p>Wir versorgen intensivpflegebed\u00fcrftige Kinder und Jugendliche bis zu 24 Stunden t\u00e4glich im Schichtsystem &#8211; mit einem festen Team in ihrer famili\u00e4ren Umgebung. So haben Eltern und Kinder die M\u00f6glichkeit, sich an unser Team zu gew\u00f6hnen und ein gegenseitiges Vertrauen aufzubauen.<\/p>\n<h3>\u00dcberleitungsmanagement<\/h3>\n<p>Gerne unterst\u00fctzen wir Sie und Ihr Kind von Beginn an und begleiten Sie bei den wichtigen Schritten aus der station\u00e4ren Behandlung zur\u00fcck in Ihr gewohntes famili\u00e4res Umfeld. Die \u00dcberleitung wird von unserer erfahrenen Kinderbereichsleitung und der Pflegedienstleitung \u00fcbernommen. Nach einem pers\u00f6nlichen Erstkontakt planen wir Ihr Team mit unserem qualifizierten Fachpersonal.<\/p>\n<h3>Unsere Leistung<\/h3>\n<p>Wir verstehen uns als Dienstleister vor Ort, der mit dem Leitgedanken Assistenz gemeinsam mit den Eltern den Alltag meistert und nach der besten F\u00f6rderung auf dem Weg in ein selbstbestimmtes Leben sucht. Daher unterst\u00fctzen wir die Kinder bei ihren Aktivit\u00e4ten im Alltag und begleiten sie gerne zur Kita oder in die Schule.<\/p>\n<h3>Schwerpunktversorgung<\/h3>\n<p>Wir pflegen und begleiten Kinder mit chronischen Erkrankungen oder Behinderungen gerne in Ihrem gewohnten Umfeld. Im Kreis ihrer Familie f\u00fchlen sich die Kinder besonders geborgen und k\u00f6nnen optimal gef\u00f6rdert und unterst\u00fctzt werden. Ebenso begleiten wir Kinder palliativ pflegerisch.<\/p>\n<p>Zu den von uns versorgten Krankheitsbildern z\u00e4hlen unter anderem:<\/p>\n<p>&#8211; Neurologische Erkrankungen<br \/>\n&#8211; Querschnittsl\u00e4hmungen<br \/>\n&#8211; St\u00f6rungen der Atemregulation und beatmete Kinder<br \/>\n&#8211; Erkrankungen der unteren und oberen Luftwege<br \/>\n&#8211; Stoffwechselerkrankungen<br \/>\n&#8211; Gendefekte<br \/>\n&#8211; Ehemalige Fr\u00fchgeborene mit Folgeerkrankungen[\/vc_column_text]<div class=\" vc_custom_1594135044890 ubtn-ctn-center \"><a class=\"ubtn-link ult-adjust-bottom-margin ubtn-center ubtn-custom \" href=\"http:\/\/teamwerk-kiel.de\/?page_id=1579\" title=\"Kontakt\" ><button type=\"button\" id=\"ubtn-1464\"  class=\"ubtn ult-adjust-bottom-margin ult-responsive ubtn-custom ubtn-fade-bg  none  ubtn-center   tooltip-6a0447a32d73e\"  data-hover=\"#ffffff\" data-border-color=\"#34a6f7\" data-bg=\"rgba(255,255,255,0.01)\" data-hover-bg=\"#95cc6e\" data-border-hover=\"#95cc6e\" data-shadow-hover=\"\" data-shadow-click=\"none\" data-shadow=\"\" data-shd-shadow=\"\"  data-ultimate-target='#ubtn-1464'  data-responsive-json-new='{\"font-size\":\"desktop:16px;\",\"line-height\":\"desktop:16px;\"}'  style=\"font-family:&#039;Montserrat&#039;;font-weight:700;width:px;min-height:px;padding:14px 25px;border-radius:0px;border-width:3px;border-color:#34a6f7;border-style:solid;background: rgba(255,255,255,0.01);color: #34a6f7;\"><span class=\"ubtn-hover\" style=\"background-color:#95cc6e\"><\/span><span class=\"ubtn-data ubtn-text \" >Kontakt<\/span><\/button><\/a><\/div>[\/vc_column][\/vc_row]<\/p>\n<\/div>","protected":false},"excerpt":{"rendered":"<p>[vc_row full_width=&#8220;stretch_row&#8220; type=&#8220;vc_default&#8220; css=&#8220;.vc_custom_1592309417091{padding-bottom: 50px !important;}&#8220;][vc_column width=&#8220;2\/3&#8243; css=&#8220;.vc_custom_1474222710160{padding-bottom: 30px !important;}&#8220;][vc_column_text css=&#8220;.vc_custom_1594024552658{margin-bottom: 30px !important;}&#8220;]\u201eF\u00fcr ein selbstbestimmtes Leben\u201c ist unser Leitsatz. Daf\u00fcr steht Teamwerk Pflege und Assistenz. Wir m\u00f6chten Sie in Ihrem gewohnten Umfeld unterst\u00fctzen und bieten Ihnen eine angemessene und bedarfsgerechte pflegerische Betreuung. Dabei k\u00f6nnen Sie vollkommen auf unsere langj\u00e4hrige Erfahrung und das Fachwissen unserer Pflegefach-&hellip;<\/p>\n","protected":false},"author":1,"featured_media":0,"parent":0,"menu_order":0,"comment_status":"closed","ping_status":"closed","template":"","meta":{"footnotes":""},"class_list":["post-1526","page","type-page","status-publish","hentry","description-off"],"yoast_head":"<!-- This site is optimized with the Yoast SEO plugin v27.0 - https:\/\/yoast.com\/product\/yoast-seo-wordpress\/ -->\n<title>Intensivpflege f\u00fcr Erwachsene und Kinder - Teamwerk<\/title>\n<meta name=\"robots\" content=\"index, follow, max-snippet:-1, max-image-preview:large, max-video-preview:-1\" \/>\n<link rel=\"canonical\" href=\"https:\/\/teamwerk-kiel.de\/?page_id=1526\" \/>\n<meta property=\"og:locale\" content=\"de_DE\" \/>\n<meta property=\"og:type\" content=\"article\" \/>\n<meta property=\"og:title\" content=\"Intensivpflege f\u00fcr Erwachsene und Kinder - Teamwerk\" \/>\n<meta property=\"og:description\" content=\"[vc_row full_width=&#8220;stretch_row&#8220; type=&#8220;vc_default&#8220; css=&#8220;.vc_custom_1592309417091{padding-bottom: 50px !important;}&#8220;][vc_column width=&#8220;2\/3&#8243; css=&#8220;.vc_custom_1474222710160{padding-bottom: 30px !important;}&#8220;][vc_column_text css=&#8220;.vc_custom_1594024552658{margin-bottom: 30px !important;}&#8220;]\u201eF\u00fcr ein selbstbestimmtes Leben\u201c ist unser Leitsatz. Daf\u00fcr steht Teamwerk Pflege und Assistenz. Wir m\u00f6chten Sie in Ihrem gewohnten Umfeld unterst\u00fctzen und bieten Ihnen eine angemessene und bedarfsgerechte pflegerische Betreuung. Dabei k\u00f6nnen Sie vollkommen auf unsere langj\u00e4hrige Erfahrung und das Fachwissen unserer Pflegefach-&hellip;\" \/>\n<meta property=\"og:url\" content=\"https:\/\/teamwerk-kiel.de\/?page_id=1526\" \/>\n<meta property=\"og:site_name\" content=\"Teamwerk\" \/>\n<meta property=\"article:modified_time\" content=\"2025-10-05T13:46:27+00:00\" \/>\n<meta name=\"twitter:card\" content=\"summary_large_image\" \/>\n<meta name=\"twitter:label1\" content=\"Gesch\u00e4tzte Lesezeit\" \/>\n\t<meta name=\"twitter:data1\" content=\"4\u00a0Minuten\" \/>\n<script type=\"application\/ld+json\" class=\"yoast-schema-graph\">{\"@context\":\"https:\/\/schema.org\",\"@graph\":[{\"@type\":\"WebPage\",\"@id\":\"https:\/\/teamwerk-kiel.de\/?page_id=1526\",\"url\":\"https:\/\/teamwerk-kiel.de\/?page_id=1526\",\"name\":\"Intensivpflege f\u00fcr Erwachsene und Kinder - Teamwerk\",\"isPartOf\":{\"@id\":\"https:\/\/teamwerk-kiel.de\/#website\"},\"datePublished\":\"2020-06-16T12:02:49+00:00\",\"dateModified\":\"2025-10-05T13:46:27+00:00\",\"breadcrumb\":{\"@id\":\"https:\/\/teamwerk-kiel.de\/?page_id=1526#breadcrumb\"},\"inLanguage\":\"de\",\"potentialAction\":[{\"@type\":\"ReadAction\",\"target\":[\"https:\/\/teamwerk-kiel.de\/?page_id=1526\"]}]},{\"@type\":\"BreadcrumbList\",\"@id\":\"https:\/\/teamwerk-kiel.de\/?page_id=1526#breadcrumb\",\"itemListElement\":[{\"@type\":\"ListItem\",\"position\":1,\"name\":\"Startseite\",\"item\":\"https:\/\/teamwerk-kiel.de\/\"},{\"@type\":\"ListItem\",\"position\":2,\"name\":\"Intensivpflege f\u00fcr Erwachsene und Kinder\"}]},{\"@type\":\"WebSite\",\"@id\":\"https:\/\/teamwerk-kiel.de\/#website\",\"url\":\"https:\/\/teamwerk-kiel.de\/\",\"name\":\"Teamwerk\",\"description\":\"Pflege und Assistenz\",\"potentialAction\":[{\"@type\":\"SearchAction\",\"target\":{\"@type\":\"EntryPoint\",\"urlTemplate\":\"https:\/\/teamwerk-kiel.de\/?s={search_term_string}\"},\"query-input\":{\"@type\":\"PropertyValueSpecification\",\"valueRequired\":true,\"valueName\":\"search_term_string\"}}],\"inLanguage\":\"de\"}]}<\/script>\n<!-- \/ Yoast SEO plugin. -->","yoast_head_json":{"title":"Intensivpflege f\u00fcr Erwachsene und Kinder - Teamwerk","robots":{"index":"index","follow":"follow","max-snippet":"max-snippet:-1","max-image-preview":"max-image-preview:large","max-video-preview":"max-video-preview:-1"},"canonical":"https:\/\/teamwerk-kiel.de\/?page_id=1526","og_locale":"de_DE","og_type":"article","og_title":"Intensivpflege f\u00fcr Erwachsene und Kinder - Teamwerk","og_description":"[vc_row full_width=&#8220;stretch_row&#8220; type=&#8220;vc_default&#8220; css=&#8220;.vc_custom_1592309417091{padding-bottom: 50px !important;}&#8220;][vc_column width=&#8220;2\/3&#8243; css=&#8220;.vc_custom_1474222710160{padding-bottom: 30px !important;}&#8220;][vc_column_text css=&#8220;.vc_custom_1594024552658{margin-bottom: 30px !important;}&#8220;]\u201eF\u00fcr ein selbstbestimmtes Leben\u201c ist unser Leitsatz. Daf\u00fcr steht Teamwerk Pflege und Assistenz. Wir m\u00f6chten Sie in Ihrem gewohnten Umfeld unterst\u00fctzen und bieten Ihnen eine angemessene und bedarfsgerechte pflegerische Betreuung. Dabei k\u00f6nnen Sie vollkommen auf unsere langj\u00e4hrige Erfahrung und das Fachwissen unserer Pflegefach-&hellip;","og_url":"https:\/\/teamwerk-kiel.de\/?page_id=1526","og_site_name":"Teamwerk","article_modified_time":"2025-10-05T13:46:27+00:00","twitter_card":"summary_large_image","twitter_misc":{"Gesch\u00e4tzte Lesezeit":"4\u00a0Minuten"},"schema":{"@context":"https:\/\/schema.org","@graph":[{"@type":"WebPage","@id":"https:\/\/teamwerk-kiel.de\/?page_id=1526","url":"https:\/\/teamwerk-kiel.de\/?page_id=1526","name":"Intensivpflege f\u00fcr Erwachsene und Kinder - Teamwerk","isPartOf":{"@id":"https:\/\/teamwerk-kiel.de\/#website"},"datePublished":"2020-06-16T12:02:49+00:00","dateModified":"2025-10-05T13:46:27+00:00","breadcrumb":{"@id":"https:\/\/teamwerk-kiel.de\/?page_id=1526#breadcrumb"},"inLanguage":"de","potentialAction":[{"@type":"ReadAction","target":["https:\/\/teamwerk-kiel.de\/?page_id=1526"]}]},{"@type":"BreadcrumbList","@id":"https:\/\/teamwerk-kiel.de\/?page_id=1526#breadcrumb","itemListElement":[{"@type":"ListItem","position":1,"name":"Startseite","item":"https:\/\/teamwerk-kiel.de\/"},{"@type":"ListItem","position":2,"name":"Intensivpflege f\u00fcr Erwachsene und Kinder"}]},{"@type":"WebSite","@id":"https:\/\/teamwerk-kiel.de\/#website","url":"https:\/\/teamwerk-kiel.de\/","name":"Teamwerk","description":"Pflege und Assistenz","potentialAction":[{"@type":"SearchAction","target":{"@type":"EntryPoint","urlTemplate":"https:\/\/teamwerk-kiel.de\/?s={search_term_string}"},"query-input":{"@type":"PropertyValueSpecification","valueRequired":true,"valueName":"search_term_string"}}],"inLanguage":"de"}]}},"jetpack_sharing_enabled":true,"_links":{"self":[{"href":"https:\/\/teamwerk-kiel.de\/index.php?rest_route=\/wp\/v2\/pages\/1526","targetHints":{"allow":["GET"]}}],"collection":[{"href":"https:\/\/teamwerk-kiel.de\/index.php?rest_route=\/wp\/v2\/pages"}],"about":[{"href":"https:\/\/teamwerk-kiel.de\/index.php?rest_route=\/wp\/v2\/types\/page"}],"author":[{"embeddable":true,"href":"https:\/\/teamwerk-kiel.de\/index.php?rest_route=\/wp\/v2\/users\/1"}],"replies":[{"embeddable":true,"href":"https:\/\/teamwerk-kiel.de\/index.php?rest_route=%2Fwp%2Fv2%2Fcomments&post=1526"}],"version-history":[{"count":27,"href":"https:\/\/teamwerk-kiel.de\/index.php?rest_route=\/wp\/v2\/pages\/1526\/revisions"}],"predecessor-version":[{"id":1998,"href":"https:\/\/teamwerk-kiel.de\/index.php?rest_route=\/wp\/v2\/pages\/1526\/revisions\/1998"}],"wp:attachment":[{"href":"https:\/\/teamwerk-kiel.de\/index.php?rest_route=%2Fwp%2Fv2%2Fmedia&parent=1526"}],"curies":[{"name":"wp","href":"https:\/\/api.w.org\/{rel}","templated":true}]}}